{"id":132,"date":"2019-09-27T17:17:59","date_gmt":"2019-09-27T17:17:59","guid":{"rendered":"https:\/\/deafmoroccotours.com\/wp\/?page_id=132"},"modified":"2022-08-29T15:24:54","modified_gmt":"2022-08-29T15:24:54","slug":"5-tage-wustentour-ab-fes","status":"publish","type":"page","link":"https:\/\/deafmoroccotours.com\/ger\/5-tage-wustentour-ab-fes\/","title":{"rendered":"5 Tage W\u00fcstentour ab Fes"},"content":{"rendered":"<h4>Tag 1: Fes &#8211; Ifrane &#8211; Zedernwald &#8211; Midelt &#8211; Ziz-Tal &#8211; Merzouga<\/h4>\n<p>Wir verlassen Fes fr\u00fch und fahren durch das Herz des Mittleren Atlasgebirges nach Ifrane, das wegen seiner \u00c4hnlichkeit mit einem Schweizer Skigebiet als &#8220;Schweiz Marokkos&#8221; bekannt ist. Dann geht es weiter zum Zedernwald, dem gr\u00f6\u00dften in Nordafrika und Heimat der Berberaffen. Weiter geht es in Richtung S\u00fcden, vorbei an Berberd\u00f6rfern, durch die Landschaft und zu den nomadischen Hirten mit ihren Herden, die im Gel\u00e4nde verstreut sind. Auf halber Strecke machen wir einen Halt zum Mittagessen in Midelt. Unser erster Tag der 5-t\u00e4gigen W\u00fcstentour von Fes nach Marrakesch f\u00fchrt uns \u00fcber den Talghmt-Pass und dann zur Ziz-Schlucht. Bevor wir die Sahara erreichen, halten wir f\u00fcr einen Panoramablick auf die beeindruckende versteckte Oase des Ziz-Tals mit Palmen und Lehmd\u00f6rfern. Nach etwa einer Stunde erreichen wir am sp\u00e4ten Nachmittag die W\u00fcste Sahara, wo wir zu Abend essen und in einem Hotel \u00fcbernachten.<\/p>\n<h4>Tag 2: Merzouga &#8211; Besichtigung der W\u00fcste Erg Chebbi &#8211; Kameltrekking &#8211; Camp<\/h4>\n<p>Nach dem Fr\u00fchst\u00fcck beginnen wir unseren halbt\u00e4gigen W\u00fcstenausflug in die Sahara. Wir fahren zu Nomaden, die noch in Zelten mitten in der W\u00fcste Sahara leben; sehen Sie, wie sie leben, trinken Sie eine Tasse Tee mit ihnen. Danach setzen wir unseren Weg fort und besuchen alte Minen, die einst von den Franzosen ausgebeutet wurden. Sp\u00e4ter besuchen wir das Dorf Khamlia, das von schwarzen Berbern bewohnt wird, die aus dem Sudan und Mali stammen&#8230; Wir werden Gelegenheit haben, ihrer Gnaoua-Musik zu lauschen und in der Stadt zu Mittag zu essen. Vor dem Kamelritt besichtigen wir eine Oase am Rande der W\u00fcste Sahara. Nach einer Ruhepause beginnt das Kameltrekking \u00fcber die hohen D\u00fcnen der Erg-Chebbi-W\u00fcste. Sie werden den herrlichen Sonnenuntergang auf einer hohen D\u00fcne sehen, Sie werden das W\u00fcstencamp im Herzen der Sahara erreichen. Nach einem k\u00f6stlichen Abendessen haben Sie Zeit, unter dem Sternenhimmel der Berbermusik zu lauschen, die von einheimischen Nomaden gespielt wird.<\/p>\n<h4>Tag 3: Merzouga &#8211; Rissani- Todra Tal und Schluchten &#8211; Dades Tal<\/h4>\n<p>Fr\u00fches Aufstehen ist ein Muss, um den Sonnenaufgang Ihres Lebens zu erleben. Dann reiten Sie auf den Kamelen zur\u00fcck zum Hotel, wo Sie Ihren Fahrer wieder treffen. Wir machen uns auf den Weg nach Westen durch die Stadt Rissani: Einst ein wichtiger Halt f\u00fcr Handelskarawanen von und nach Marokko in die Nachbarl\u00e4nder. Wenn es Tagm\u00e4rkte gibt, die jeden Dienstag, Donnerstag und Sonntag stattfinden, werden wir den gr\u00f6\u00dften Souk der Region besuchen. Dann fahren wir weiter nach Arfoud, der Stadt der Fossilien, durch das Atlasgebirge und die St\u00e4dte in Richtung Todra-Tal, einem fruchtbaren, gr\u00fcnen Tal, das von alten Lehmd\u00f6rfern umgeben ist. Mittagessen in der Stadt, dann fahren wir ca. 15 km bis zur Todra-Schlucht; ein Korridor, der dramatisch bis zu 300 m ansteigt, mit vertikalen Klippen und Wasser, das aus nat\u00fcrlichen Quellen str\u00f6mt, Zeit, dies zu genie\u00dfen. Sp\u00e4ter fahren wir durch das Dades-Tal, wo Sie die spektakul\u00e4ren Sandburgen und die erstaunlichen Felsformationen, die hier als &#8220;Affenzehen&#8221; bekannt sind, sehen werden. Sie \u00fcbernachten in einem Hotel\/Riad mit Blick auf das Dades-Tal.<\/p>\n<h4>Tag 4: Dades-Tal &#8211; Skoura &#8211; Ouarzazate<\/h4>\n<p>Heute Morgen, nach dem Fr\u00fchst\u00fcck, fahren wir nach Ouarzazate \u00fcber Boutghrar, das Rosental und Skoura. Zu Beginn unserer Reise besichtigen wir die Serpentinenstra\u00dfe &#8211; eine Kulisse f\u00fcr viele Autowerbungen &#8211; und die Dades-Schlucht mit ihren beeindruckenden Felsformationen. Wir fahren abseits der Stra\u00dfe nach Boutghrar, einem Ort, an dem Natur und Farben aufeinandertreffen. Der Weg f\u00fchrt uns zu Nomaden, die in H\u00f6hlen leben, die wir besuchen und mit denen wir eine Tasse Tee trinken. Weiter geht es nach El Kalaa Mgouna (Rosenstadt), wo die Einheimischen \u00fcber 400 Tonnen Rosenbl\u00fcten pfl\u00fccken, die in lokalen Kooperativen zu Rosenwasser, Cremes und Parf\u00fcms verarbeitet werden. Jedes Jahr im Mai findet hier ein Fest statt. Sie haben Zeit, Ihr Mittagessen in der Stadt zu genie\u00dfen. Anschlie\u00dfend fahren wir auf der Stra\u00dfe der tausend Kasbahs nach Skoura, wo sich die sch\u00f6nsten Kasbahs Marokkos befinden. Wir besichtigen die Kasbah von Amridil aus dem 17. Jahrhundert und fahren durch die Oasen von Skoura nach Ouarzazate. Abendessen und \u00dcbernachtung in einem Hotel\/Riad.<\/p>\n<h4>Tag 5: Ouarzazate &#8211; Kasbah Ait Benhaddou &#8211; Marrakesch<\/h4>\n<p>Heute beginnen wir unsere Reise mit einem Besuch der gr\u00f6\u00dften Filmstudios von &#8220;Hollywood of Africa&#8221;, Ouarzazate, wo so viele Filme gedreht wurden, wie z.B. Games of Thrones, Prison Break Staffel 4&#8230; Ouarzazate ist auch die Heimat des gr\u00f6\u00dften Solarkraftwerks in Afrika und ber\u00fchmt f\u00fcr sein Kunsthandwerk (Holztore, Silber, Teppiche&#8230;) sowie. Sp\u00e4ter besuchen wir die ber\u00fchmte Kasbah von Ait Ben Haddou, die zum Unesco-Weltkulturerbe geh\u00f6rt und in der viele internationale Filme gedreht wurden (Gladiator, Lawrence von Arabien, Games of Thrones&#8230;). Ihr Abenteuer geht weiter \u00fcber den atemberaubenden Tizi n&#8217;Tichka-Pass (2260 m) \u00fcber das Hohe Atlasgebirge, wo Sie die besonderen Berberd\u00f6rfer bewundern k\u00f6nnen, bevor Sie in Ihrem Hotel in Marrakesch ankommen, wo unsere 5-t\u00e4gige W\u00fcstentour Fes-Marrakesch endet.<\/p>\n","protected":false},"excerpt":{"rendered":"<p>Tag 1: Fes &#8211; Ifrane &#8211; Zedernwald &#8211; Midelt &#8211; Ziz-Tal &#8211; Merzouga Wir verlassen Fes fr\u00fch und fahren durch das Herz des Mittleren Atlasgebirges nach<span class=\"excerpt-hellip\"> [\u2026]<\/span><\/p>\n","protected":false},"author":1,"featured_media":0,"parent":0,"menu_order":0,"comment_status":"closed","ping_status":"closed","template":"","meta":{"ngg_post_thumbnail":0},"_links":{"self":[{"href":"https:\/\/deafmoroccotours.com\/ger\/wp-json\/wp\/v2\/pages\/132"}],"collection":[{"href":"https:\/\/deafmoroccotours.com\/ger\/wp-json\/wp\/v2\/pages"}],"about":[{"href":"https:\/\/deafmoroccotours.com\/ger\/wp-json\/wp\/v2\/types\/page"}],"author":[{"embeddable":true,"href":"https:\/\/deafmoroccotours.com\/ger\/wp-json\/wp\/v2\/users\/1"}],"replies":[{"embeddable":true,"href":"https:\/\/deafmoroccotours.com\/ger\/wp-json\/wp\/v2\/comments?post=132"}],"version-history":[{"count":5,"href":"https:\/\/deafmoroccotours.com\/ger\/wp-json\/wp\/v2\/pages\/132\/revisions"}],"predecessor-version":[{"id":360,"href":"https:\/\/deafmoroccotours.com\/ger\/wp-json\/wp\/v2\/pages\/132\/revisions\/360"}],"wp:attachment":[{"href":"https:\/\/deafmoroccotours.com\/ger\/wp-json\/wp\/v2\/media?parent=132"}],"curies":[{"name":"wp","href":"https:\/\/api.w.org\/{rel}","templated":true}]}}