{"id":155,"date":"2019-09-27T17:32:40","date_gmt":"2019-09-27T17:32:40","guid":{"rendered":"https:\/\/deafmoroccotours.com\/wp\/?page_id=155"},"modified":"2022-08-29T15:32:50","modified_gmt":"2022-08-29T15:32:50","slug":"10-tage-von-tanger-nach-fes-und-in-die-wuste-von-merzouga","status":"publish","type":"page","link":"https:\/\/deafmoroccotours.com\/ger\/10-tage-von-tanger-nach-fes-und-in-die-wuste-von-merzouga\/","title":{"rendered":"10 Tage von Tanger nach F\u00e8s und in die W\u00fcste von Merzouga"},"content":{"rendered":"<h4>TAG 1: TANGIER &#8211; CHEFCHAOUEN &#8211; F\u00c8S<\/h4>\n<p>Ankunft am Hafen oder Flughafen von Tanger, Treffen und Abfahrt mit dem Fahrer\/Fremdenf\u00fchrer in Richtung Chefchaouen \u00fcber das Rif-Gebirge und die Stadt Tetouan. Ankunft in Chefchaouen f\u00fcr einen kurzen Besuch. Chefchaouen wird die &#8220;Blaue Perle&#8221; genannt, weil alle Geb\u00e4ude, T\u00fcren, Fenster, Brunnen und Stra\u00dfen in verschiedenen Blaut\u00f6nen gestrichen sind. Die Stadt galt jahrhundertelang als heilig, und es war sogar verboten, sie zu betreten. Erst in den 50er Jahren \u00e4nderte sich dies und die Stadt wurde zu einem Touristenziel, das nur wenige Menschen kennen. Die Medina ist ein Labyrinth aus engen, blau gef\u00e4rbten Gassen, und der Grund daf\u00fcr ist rein religi\u00f6s und nicht \u00e4sthetisch. Die von Berberv\u00f6lkern bewohnte Stadt wurde von Spaniern gegr\u00fcndet, die aus Andalusien kamen, weshalb der alte Teil der Stadt den andalusischen D\u00f6rfern mit engen Gassen und blumengeschm\u00fcckten Mauern \u00e4hnelt. Die meisten Einwohner sprechen auch heute noch Spanisch. Im Zentrum der Altstadt befindet sich der Outa-el-Hammam-Platz mit der Tarik-Ben-Ziad-Moschee, die ein achteckiges Minarett nach dem Vorbild des Torre de Oro in Sevilla und eine pr\u00e4chtige Festung beherbergt. Die neue Stadt wird weiter unten gebaut. Ankunft am Abend in Fes. Abendessen und \u00dcbernachtung in einem Riad\/Hotel.<\/p>\n<h4>TAG 2: F\u00c8S<\/h4>\n<p>F\u00e8s gilt als wahre Hochburg der Kultur und Identit\u00e4t Marokkos und liegt in der Sohle eines fruchtbaren Tals etwa 350 m \u00fcber dem Meeresspiegel. Die Altstadt mit ihren M\u00e4rkten und Moscheen gilt als eines der attraktivsten Zentren der gesamten islamischen Welt. Unter den gro\u00dfen St\u00e4dten Marokkos ist Fes die \u00e4lteste der vier Reichsst\u00e4dte und verdankt dieses Prestige seiner weltlichen politischen Vorherrschaft und der Bedeutung seiner alten Universit\u00e4t f\u00fcr Kultur und Kunst. Nach dem Fr\u00fchst\u00fcck Abfahrt mit dem offiziellen F\u00fchrer und dem Fahrer f\u00fcr die Entdeckung der Stadt, Fes ist unterteilt in New Town, dh die kaiserliche Stadt ab 1200 gebaut, wo der Bahnhof, der k\u00f6nigliche Palast und das j\u00fcdische Viertel, die Altstadt oder Medina, die \u00e4lteste ummauerte Teil von Fes, ein echtes Labyrinth von engen Gassen mit M\u00e4rkten aller Art und der Ville Nouvelle, das Gebiet, wo es Restaurants, Bars, Caf\u00e9s und Buchl\u00e4den. Wir besichtigen die Madrasa Bou Inania, die Al-Karaouine-Moschee (f\u00fcr Nicht-Muslime geschlossen), die Medersa Attarine, den Najjarine-Platz, der f\u00fcr seinen pr\u00e4chtigen, mit Mosaiken verzierten Brunnen ber\u00fchmt ist, das Mausoleum von Moulay Idriss und die Gr\u00e4ber der Mereniden. Anschlie\u00dfend erreichen wir die ber\u00fchmten Gerbereien von Fes und besuchen eine T\u00f6pferfabrik. R\u00fcckkehr am Nachmittag. Abendessen und \u00dcbernachtung im Riad\/Hotel.<\/p>\n<h4>TAG 3: F\u00c8S &#8211; IFRANE &#8211; ZIZ-TAL &#8211; MERZOUGA<\/h4>\n<p>Nach dem Fr\u00fchst\u00fcck Abfahrt mit dem Fahrer\/Guide von Ihrem Riad\/Hotel in Fes in Richtung Merzouga, vorbei an Azrou, wo Sie die Berberaffen beobachten k\u00f6nnen, die in den \u00fcppigen Zedern- und Eichenw\u00e4ldern leben, dann weiter nach Ifrane, das den Spitznamen &#8220;Kleine Schweiz&#8221; tr\u00e4gt, auf \u00fcber 1700 m H\u00f6he liegt und das Ziz-Tal durchquert. Ankunft am Nachmittag in dem Dorf Merzouga f\u00fcr einen kurzen Aufenthalt im Riad\/Hotel. Vor Sonnenuntergang Abfahrt mit dem Dromedar zu den Berberzelten, auch &#8220;Haima&#8221; genannt, wo das Abendessen unter dem Sternenhimmel serviert wird und wo Sie der traditionellen Berbermusik lauschen, die mit dem Schlagzeug gespielt wird. \u00dcbernachtung im Zeltlager.<\/p>\n<h4>TAG 4: MERZOUGA &#8211; ERFOUD &#8211; SCHLUCHT DER TODRA &#8211; DAD\u00c8S<\/h4>\n<p>Wachen Sie im Morgengrauen auf, um den Sonnenaufgang inmitten der D\u00fcnen zu erleben, kehren Sie mit dem Dromedar zum Riad zur\u00fcck, wo Ihnen das Fr\u00fchst\u00fcck serviert wird und Sie eine hei\u00dfe Dusche nehmen k\u00f6nnen. Nach einem kurzen Zwischenstopp geht es weiter in Richtung Erfoud, das an den Toren der W\u00fcste liegt und auch die Stadt der Fossilien genannt wird, da das Gebiet reich an fossilen Steinen ist. Die Fahrt geht weiter in Richtung der Todra-Schluchten, um das Dad\u00e8s-Tal zu erreichen. Abendessen und \u00dcbernachtung im Riad\/Hotel.<\/p>\n<h4>TAG 5: DAD\u00c8S &#8211; OUARZAZATE &#8211; AIT-BEN-HADDOU &#8211; MARRAKECH<\/h4>\n<p>Nach dem Fr\u00fchst\u00fcck fahren wir ins Dad\u00e8s-Tal und durchqueren das Tal der Rosen, das f\u00fcr den Anbau der Damaszener-Rose ber\u00fchmt ist, aus der die Essenz f\u00fcr die Herstellung zahlreicher Kosmetika gewonnen wird. Wir besuchen die Schluchten von Dades. Die Reise geht weiter in Richtung Ouarzazate, das im Dades-Tal liegt und in den zwanziger Jahren von den Franzosen als Milit\u00e4r- und Verwaltungszentrum ausgebaut wurde. In der N\u00e4he der Stadt befinden sich die Studios der Atlas Film Corporation, die &#8220;Cinecitt\u00e0&#8221; Marokkos, in denen mehrere in der W\u00fcste spielende Filme gedreht wurden und noch immer werden. Anschlie\u00dfend geht es weiter in Richtung Norden nach Marrakesch, vorbei an der Kasbah von Ait-Ben-Haddou, die von der Unesco zum Weltkulturerbe erkl\u00e4rt wurde, wo wir einen kurzen Besuch abstatten und dann die Fahrt durch die Berge des Gro\u00dfen Atlas bis zum Tizi. n&#8217;Tichka auf 2.260 m (dem h\u00f6chsten Bergpass des Atlas) fortsetzen. Ankunft am Abend in Marrakech. Freies Abendessen. \u00dcbernachtung im Riad\/Hotel.<\/p>\n<h4>TAG 6: MARRAKESCH<\/h4>\n<p>Marrakesch, eine der wichtigsten St\u00e4dte Marokkos, ist die wichtigste der vier K\u00f6nigsst\u00e4dte und liegt am Fu\u00dfe des Atlasgebirges. Nach dem Fr\u00fchst\u00fcck Abfahrt mit dem offiziellen Reisef\u00fchrer und dem Fahrer zur Entdeckung der Stadt, die auch als &#8220;Perle des S\u00fcdens&#8221; und &#8220;rote oder ockerfarbene Stadt&#8221; bekannt ist, wegen der roten Mauern, die sie umgeben, und wegen der verschiedenen Geb\u00e4ude in dieser Farbe, die in derselben Zeit aus roten Steinen und Sand gebaut wurden. Besichtigung des Bahia-Palastes, des El-Badi-Palastes, der Saadien-Gr\u00e4ber, der alten Koranschule von Ben Youssef, der Menara-G\u00e4rten, der Moschee und des Koutoubia-Minaretts. Kurze Pause f\u00fcr ein Mittagessen und einen Pfefferminztee auf einer der Terrassen mit Blick auf den Jemaa el-Fna-Platz, Weiterfahrt zur Moschee und zum Koutoubia-Minarett, den Majorelle-G\u00e4rten mit der M\u00f6glichkeit, das gerade er\u00f6ffnete Museum zu besuchen, das Yves Saint Laurent gewidmet ist. R\u00fcckkehr am Nachmittag zu Ihrem Riad\/Hotel. Freies Abendessen. \u00dcbernachtung im Riad\/Hotel.<\/p>\n<h4>TAG 7: MARRAKECH &#8211; ESSAOUIRA<\/h4>\n<p>Nach dem Fr\u00fchst\u00fcck Abfahrt mit dem Fahrer in die K\u00fcstenstadt Essaouira, die urspr\u00fcnglich Mogador hie\u00df und etwa 190 km von Marrakesch entfernt liegt. Tag zur freien Verf\u00fcgung. Die Stadt ist vor allem f\u00fcr ihre Medina am Meer bekannt, die von der UNESCO in die Liste des Weltkulturerbes aufgenommen wurde. Die Festung, die wei\u00dfen Mauern, die Entspanntheit der Einwohner und die Kunsthandwerksl\u00e4den machen diese Stadt einzigartig und europ\u00e4isch gepr\u00e4gt. Die K\u00fcste wird fast das ganze Jahr \u00fcber von den Passatwinden umweht, und es gibt viele Liebhaber des Wind- und Kitesurfens, die hierher kommen. Wir empfehlen Ihnen, den Souk zu besuchen und den Hafen von Essaouira nicht zu verpassen, wo Sie die Werften, das Kommen und Gehen der Fischerboote und den Pier, der sich bei der R\u00fcckkehr der Fischer in einen Fischmarkt verwandelt, beobachten k\u00f6nnen. Vers\u00e4umen Sie nicht, in der N\u00e4he des Hafens zu Mittag zu essen und fangfrischen Fisch zu genie\u00dfen. Freies Abendessen. \u00dcbernachtung im Riad\/Hotel.<\/p>\n<h4>TAG 8: ESSAOUIRA &#8211; RABAT<\/h4>\n<p>Nach dem Fr\u00fchst\u00fcck Abfahrt in Richtung Rabat. Rabat ist die Hauptstadt Marokkos und ist eine moderne Stadt mit Blick auf den Atlantischen Ozean. Sie ist nicht nur der Regierungssitz, sondern auch das wichtigste Zentrum der marokkanischen K\u00fcche und Architektur. Nach Casablanca ist Rabat die gr\u00f6\u00dfte Stadt des Landes. Die Medina ist malerisch und gepr\u00e4gt von engen, gepflasterten Gassen, Kunstgalerien und lokalen Handwerksl\u00e4den. Wir empfehlen einen kurzen Besuch des Hassan-Turms, eines Minaretts, das einst zur gleichnamigen Moschee geh\u00f6rte, die die h\u00f6chste der Welt sein sollte, aber nie fertiggestellt wurde, da sie 1755 durch ein starkes Erdbeben, dessen Epizentrum in Lissabon lag, zerst\u00f6rt wurde. Heute sind von der Moschee nur noch die Sockel der S\u00e4ulen erhalten. Das isolierte Minarett ist 44 Meter hoch und erinnert an den ber\u00fchmten Giralda-Turm in Sevilla. Gegen\u00fcber befindet sich das Mausoleum von Mohammed V., das die sterblichen \u00dcberreste des marokkanischen K\u00f6nigs und seiner beiden S\u00f6hne, K\u00f6nig Hassan II. und Prinz Abdullah, beherbergt. \u00dcbernachtung im Riad\/Hotel. Freies Abendessen. \u00dcbernachtung im Riad\/Hotel.<\/p>\n<h4>TAG 9: RABAT &#8211; ASILAH<\/h4>\n<p>Nach dem Fr\u00fchst\u00fcck Abfahrt in Richtung Asilah, der befestigten Stadt an der nordwestlichen Spitze Marokkos 42 km s\u00fcdlich von Tanger. Sie wurde wahrscheinlich von den Ph\u00f6niziern um 1500 v. Chr. als Handelshafen erbaut. Die Stadt hat das Aussehen einer griechischen Stadt in der \u00c4g\u00e4is und ist ein sch\u00f6ner Touristenort mit wei\u00dfen Geb\u00e4uden. Sie k\u00f6nnen die portugiesischen Stadtmauern, die alten Tore, die blumengeschm\u00fcckten Stra\u00dfen der Medina und verschiedene Geb\u00e4ude im islamischen und andalusischen Stil bewundern. Asilah ist auch f\u00fcr seine langen Str\u00e4nde mit feinem, goldenem Sand bekannt. Freies Abendessen. \u00dcbernachtung im Riad\/Hotel.<\/p>\n<h4>TAG 10: ASILAH &#8211; TANGERI<\/h4>\n<p>Nach dem Fr\u00fchst\u00fcck Abfahrt in Richtung Tangeri und Ende unserer Dienstleistung.<\/p>\n","protected":false},"excerpt":{"rendered":"<p>TAG 1: TANGIER &#8211; CHEFCHAOUEN &#8211; F\u00c8S Ankunft am Hafen oder Flughafen von Tanger, Treffen und Abfahrt mit dem Fahrer\/Fremdenf\u00fchrer in Richtung Chefchaouen \u00fcber das Rif-Gebirge<span class=\"excerpt-hellip\"> [\u2026]<\/span><\/p>\n","protected":false},"author":1,"featured_media":0,"parent":0,"menu_order":0,"comment_status":"closed","ping_status":"closed","template":"","meta":{"ngg_post_thumbnail":0},"_links":{"self":[{"href":"https:\/\/deafmoroccotours.com\/ger\/wp-json\/wp\/v2\/pages\/155"}],"collection":[{"href":"https:\/\/deafmoroccotours.com\/ger\/wp-json\/wp\/v2\/pages"}],"about":[{"href":"https:\/\/deafmoroccotours.com\/ger\/wp-json\/wp\/v2\/types\/page"}],"author":[{"embeddable":true,"href":"https:\/\/deafmoroccotours.com\/ger\/wp-json\/wp\/v2\/users\/1"}],"replies":[{"embeddable":true,"href":"https:\/\/deafmoroccotours.com\/ger\/wp-json\/wp\/v2\/comments?post=155"}],"version-history":[{"count":5,"href":"https:\/\/deafmoroccotours.com\/ger\/wp-json\/wp\/v2\/pages\/155\/revisions"}],"predecessor-version":[{"id":366,"href":"https:\/\/deafmoroccotours.com\/ger\/wp-json\/wp\/v2\/pages\/155\/revisions\/366"}],"wp:attachment":[{"href":"https:\/\/deafmoroccotours.com\/ger\/wp-json\/wp\/v2\/media?parent=155"}],"curies":[{"name":"wp","href":"https:\/\/api.w.org\/{rel}","templated":true}]}}