{"id":157,"date":"2019-09-27T17:34:57","date_gmt":"2019-09-27T17:34:57","guid":{"rendered":"https:\/\/deafmoroccotours.com\/wp\/?page_id=157"},"modified":"2022-08-29T15:40:17","modified_gmt":"2022-08-29T15:40:17","slug":"kamelritt-fur-eine-nacht-in-der-sahara-erg-chebbi","status":"publish","type":"page","link":"https:\/\/deafmoroccotours.com\/ger\/kamelritt-fur-eine-nacht-in-der-sahara-erg-chebbi\/","title":{"rendered":"Kamelritt f\u00fcr eine Nacht in der Sahara Erg Chebbi"},"content":{"rendered":"<p>Eine Nacht Kamelreiten in der Sahara Erg Chebbi W\u00fcste Marokko Kameltrekking \u00fcber Nacht<br \/>\nDieses Marokko Kameltrekking beginnt am Abend. Wir organisieren den Kamelritt f\u00fcr die Nacht in der W\u00fcste von Ihrem Hotel in der N\u00e4he der Sandd\u00fcnen. Die Kamele werden mit Lebensmitteln, Decken und allen wichtigen Dingen, die wir f\u00fcr unsere Reise ben\u00f6tigen, beladen. Der Ritt in die W\u00fcste dauert 1,30 Stunden.<\/p>\n<p>Die Nacht verbringen wir in einem ausgestatteten Camp mit Trommelmusik mitten in der marokkanischen Sahara. Dies ist eine gro\u00dfartige Gelegenheit, um sch\u00f6ne Fotos vom Sonnenuntergang und Sonnenaufgang in der W\u00fcste zu machen. Wenn wir im Camp ankommen, gehen wir zu den hohen D\u00fcnen, um den Sonnenuntergang zu beobachten. Es wird eine magische Nacht sein, wenn der Himmel klar ist und wir die Sterne beobachten k\u00f6nnen. In dieser Nacht gibt es ein Abendessen am Lagerfeuer und wir \u00fcbernachten in Nomadenzelten.<\/p>\n<p>Am Morgen reiten wir auf den Kamelen zur\u00fcck nach Merzouga; Sie werden im Hotel in Merzouga Erg Chebbi fr\u00fchst\u00fccken und duschen.<\/p>\n","protected":false},"excerpt":{"rendered":"<p>Eine Nacht Kamelreiten in der Sahara Erg Chebbi W\u00fcste Marokko Kameltrekking \u00fcber Nacht Dieses Marokko Kameltrekking beginnt am Abend. Wir organisieren den Kamelritt f\u00fcr die Nacht<span class=\"excerpt-hellip\"> [\u2026]<\/span><\/p>\n","protected":false},"author":1,"featured_media":0,"parent":0,"menu_order":0,"comment_status":"closed","ping_status":"closed","template":"","meta":{"ngg_post_thumbnail":0},"_links":{"self":[{"href":"https:\/\/deafmoroccotours.com\/ger\/wp-json\/wp\/v2\/pages\/157"}],"collection":[{"href":"https:\/\/deafmoroccotours.com\/ger\/wp-json\/wp\/v2\/pages"}],"about":[{"href":"https:\/\/deafmoroccotours.com\/ger\/wp-json\/wp\/v2\/types\/page"}],"author":[{"embeddable":true,"href":"https:\/\/deafmoroccotours.com\/ger\/wp-json\/wp\/v2\/users\/1"}],"replies":[{"embeddable":true,"href":"https:\/\/deafmoroccotours.com\/ger\/wp-json\/wp\/v2\/comments?post=157"}],"version-history":[{"count":2,"href":"https:\/\/deafmoroccotours.com\/ger\/wp-json\/wp\/v2\/pages\/157\/revisions"}],"predecessor-version":[{"id":342,"href":"https:\/\/deafmoroccotours.com\/ger\/wp-json\/wp\/v2\/pages\/157\/revisions\/342"}],"wp:attachment":[{"href":"https:\/\/deafmoroccotours.com\/ger\/wp-json\/wp\/v2\/media?parent=157"}],"curies":[{"name":"wp","href":"https:\/\/api.w.org\/{rel}","templated":true}]}}